{"id":41,"date":"2025-07-28T16:43:22","date_gmt":"2025-07-28T16:43:22","guid":{"rendered":"https:\/\/irisfotografi.dk\/?page_id=41"},"modified":"2025-08-18T08:53:14","modified_gmt":"2025-08-18T08:53:14","slug":"iris-fotografi-goer-dine-oejne-til-et-unikt-kunstvaerk","status":"publish","type":"page","link":"https:\/\/irisfotografi.dk\/index.php\/iris-fotografi-goer-dine-oejne-til-et-unikt-kunstvaerk\/","title":{"rendered":"Information"},"content":{"rendered":"<div id='full_slider_1'  class='avia-fullwidth-slider main_color avia-shadow   avia-builder-el-0  el_before_av_one_full  avia-builder-el-first   container_wrap fullsize'  ><div  class='avia-slideshow av-mdnc9t2x-3bc5337302015d4fcd307a0cf71f065e avia-slideshow-no scaling av_slideshow_full avia-slide-slider av-slideshow-ui av-control-default av-slideshow-manual av-loop-once av-loop-manual-endless av-default-height-applied   avia-slideshow-1' data-slideshow-options=\"{&quot;animation&quot;:&quot;slide&quot;,&quot;autoplay&quot;:false,&quot;loop_autoplay&quot;:&quot;once&quot;,&quot;interval&quot;:5,&quot;loop_manual&quot;:&quot;manual-endless&quot;,&quot;autoplay_stopper&quot;:false,&quot;noNavigation&quot;:false,&quot;bg_slider&quot;:false,&quot;keep_padding&quot;:false,&quot;hoverpause&quot;:false,&quot;show_slide_delay&quot;:0}\"  itemprop=\"image\" itemscope=\"itemscope\" itemtype=\"https:\/\/schema.org\/ImageObject\" ><ul class='avia-slideshow-inner ' style='padding-bottom: 56.25%;'><li  class='avia-slideshow-slide av-mdnc9t2x-3bc5337302015d4fcd307a0cf71f065e__0  slide-1 slide-odd'><div data-rel='slideshow-1' class='avia-slide-wrap '   ><img decoding=\"async\" class=\"wp-image-22 avia-img-lazy-loading-not-22\"  src=\"https:\/\/irisfotografi.dk\/wp-content\/uploads\/2025\/07\/Iris-fotografi-22-HD-.jpg\" width=\"1920\" height=\"1080\" title='Iris fotografi 22 HD' alt=''  itemprop=\"thumbnailUrl\" srcset=\"https:\/\/irisfotografi.dk\/wp-content\/uploads\/2025\/07\/Iris-fotografi-22-HD-.jpg 1920w, https:\/\/irisfotografi.dk\/wp-content\/uploads\/2025\/07\/Iris-fotografi-22-HD--300x169.jpg 300w, https:\/\/irisfotografi.dk\/wp-content\/uploads\/2025\/07\/Iris-fotografi-22-HD--1030x579.jpg 1030w, https:\/\/irisfotografi.dk\/wp-content\/uploads\/2025\/07\/Iris-fotografi-22-HD--768x432.jpg 768w, https:\/\/irisfotografi.dk\/wp-content\/uploads\/2025\/07\/Iris-fotografi-22-HD--1536x864.jpg 1536w, https:\/\/irisfotografi.dk\/wp-content\/uploads\/2025\/07\/Iris-fotografi-22-HD--1500x844.jpg 1500w, https:\/\/irisfotografi.dk\/wp-content\/uploads\/2025\/07\/Iris-fotografi-22-HD--705x397.jpg 705w\" sizes=\"(max-width: 1920px) 100vw, 1920px\" \/><\/div><\/li><li  class='avia-slideshow-slide av-mdnc9t2x-3bc5337302015d4fcd307a0cf71f065e__1  slide-2 slide-even'><div data-rel='slideshow-1' class='avia-slide-wrap '   ><img decoding=\"async\" class=\"wp-image-24 avia-img-lazy-loading-not-24\"  src=\"https:\/\/irisfotografi.dk\/wp-content\/uploads\/2025\/07\/Iris-fotografi-24-HD.jpg\" width=\"1920\" height=\"1080\" title='Iris fotografi' alt=''  itemprop=\"thumbnailUrl\" srcset=\"https:\/\/irisfotografi.dk\/wp-content\/uploads\/2025\/07\/Iris-fotografi-24-HD.jpg 1920w, https:\/\/irisfotografi.dk\/wp-content\/uploads\/2025\/07\/Iris-fotografi-24-HD-300x169.jpg 300w, https:\/\/irisfotografi.dk\/wp-content\/uploads\/2025\/07\/Iris-fotografi-24-HD-1030x579.jpg 1030w, https:\/\/irisfotografi.dk\/wp-content\/uploads\/2025\/07\/Iris-fotografi-24-HD-768x432.jpg 768w, https:\/\/irisfotografi.dk\/wp-content\/uploads\/2025\/07\/Iris-fotografi-24-HD-1536x864.jpg 1536w, https:\/\/irisfotografi.dk\/wp-content\/uploads\/2025\/07\/Iris-fotografi-24-HD-1500x844.jpg 1500w, https:\/\/irisfotografi.dk\/wp-content\/uploads\/2025\/07\/Iris-fotografi-24-HD-705x397.jpg 705w\" sizes=\"(max-width: 1920px) 100vw, 1920px\" \/><\/div><\/li><li  class='avia-slideshow-slide av-mdnc9t2x-3bc5337302015d4fcd307a0cf71f065e__2  slide-3 slide-odd'><div data-rel='slideshow-1' class='avia-slide-wrap '   ><img decoding=\"async\" class=\"wp-image-25 avia-img-lazy-loading-not-25\"  src=\"https:\/\/irisfotografi.dk\/wp-content\/uploads\/2025\/07\/Iris-fotografi-23-HD.jpg\" width=\"1920\" height=\"1080\" title='Iris fotografi' alt=''  itemprop=\"thumbnailUrl\" srcset=\"https:\/\/irisfotografi.dk\/wp-content\/uploads\/2025\/07\/Iris-fotografi-23-HD.jpg 1920w, https:\/\/irisfotografi.dk\/wp-content\/uploads\/2025\/07\/Iris-fotografi-23-HD-300x169.jpg 300w, https:\/\/irisfotografi.dk\/wp-content\/uploads\/2025\/07\/Iris-fotografi-23-HD-1030x579.jpg 1030w, https:\/\/irisfotografi.dk\/wp-content\/uploads\/2025\/07\/Iris-fotografi-23-HD-768x432.jpg 768w, https:\/\/irisfotografi.dk\/wp-content\/uploads\/2025\/07\/Iris-fotografi-23-HD-1536x864.jpg 1536w, https:\/\/irisfotografi.dk\/wp-content\/uploads\/2025\/07\/Iris-fotografi-23-HD-1500x844.jpg 1500w, https:\/\/irisfotografi.dk\/wp-content\/uploads\/2025\/07\/Iris-fotografi-23-HD-705x397.jpg 705w\" sizes=\"(max-width: 1920px) 100vw, 1920px\" \/><\/div><\/li><\/ul><div class='avia-slideshow-arrows avia-slideshow-controls' ><a href='#prev' class='prev-slide ' aria-hidden='true' data-av_icon='\ue87c' data-av_iconfont='entypo-fontello'  tabindex='-1'>Forrige<\/a><a href='#next' class='next-slide ' aria-hidden='true' data-av_icon='\ue87d' data-av_iconfont='entypo-fontello'  tabindex='-1'>N&#230;ste<\/a><\/div><div class='avia-slideshow-dots avia-slideshow-controls'><a href='#1' class='goto-slide active' >1<\/a><a href='#2' class='goto-slide ' >2<\/a><a href='#3' class='goto-slide ' >3<\/a><\/div><\/div><\/div><div id='after_full_slider_1'  class='main_color av_default_container_wrap container_wrap fullsize'  ><div class='container av-section-cont-open' ><div class='template-page content  av-content-full alpha units'><div class='post-entry post-entry-type-page post-entry-41'><div class='entry-content-wrapper clearfix'>\n<div class='flex_column av-4w6t-0dced1bc0ebde7e02feb26e9eb624825 av_one_full  avia-builder-el-1  el_after_av_slideshow_full  el_before_av_two_third  avia-builder-el-first  first flex_column_div '     ><section  class='av_textblock_section av-zd0x-06d6f1279aec3c127e525dc4424cc9f7'  itemscope=\"itemscope\" itemtype=\"https:\/\/schema.org\/CreativeWork\" ><div class='avia_textblock'  itemprop=\"text\" ><h1>Iris fotografi &#8211; g\u00f8r dine \u00f8jne til et unikt kunstv\u00e6rk!<\/h1>\n<h5><strong>BOOK AFTALE<\/strong><\/h5>\n<p>Start ned at booke en aftale herunder.<\/p>\n<h5><strong>TIDSFORBRUG<\/strong><\/h5>\n<p>Der er afsat 30 minutter pr. fotografering. Er I flere end tre personer, skal I booke to aftaler i forl\u00e6ngelse af hinanden. Selve fotograferingen tager kun nogle minutter.<br \/>\nDen resterende tid bruges p\u00e5 at aftale format, effekt og overflader.<\/p>\n<h5><strong>ALDER<\/strong><\/h5>\n<p>Fra ca. 5-6 \u00e5r. Man skal kunne sidde helt stille samt selv kunne tr\u00e6kke i huden over og under \u00f8jet, s\u00e5 iris er fri.<\/p>\n<h5><strong>BILLEDBEHANDLING<\/strong><\/h5>\n<p>Efter fotograferingen kan I v\u00e6lge mellem et bredt udvalg af formater, effekter og overflader, som tilpasses netop jeres \u00f8nsker. Overfladerne I kan v\u00e6lge mellem er:<\/p>\n<ul>\n<li>H\u00f8jkvalitets Luster fotopapir 310 g. V\u00e6lg mellem plain print, print monteret i ramme med glas eller lamineret print monteret p\u00e5 skumplade og isat ramme uden glas<\/li>\n<li>Alu-dibond plade med skjult oph\u00e6ng, som giver billedet en sv\u00e6vende effekt p\u00e5 v\u00e6ggen<\/li>\n<li>Glas p\u00e5 alu-dibond plade med skjult oph\u00e6ng, som giver billedet en sv\u00e6vende effekt p\u00e5 v\u00e6ggen<\/li>\n<\/ul>\n<h5><strong>PRIS<\/strong><\/h5>\n<p>En iris fotografering koster kr. 500 uanset antal personer. Prisen p\u00e5 et print starter ved kr. 400.<\/p>\n<p>Herefter afh\u00e6nger prisen af f\u00f8lgende:<\/p>\n<ul>\n<li>Antal \u00f8jne p\u00e5 billedet?<\/li>\n<li>Hvilken effekt \u00f8nsker I?<\/li>\n<li>Hvilken overflade skal billedet printes p\u00e5?<\/li>\n<li>Hvor stort skal billedet v\u00e6re?<\/li>\n<li>Skal billedet indrammes?<\/li>\n<\/ul>\n<p>I fotostudiet er der pr\u00f8ver p\u00e5 alle overflader, som g\u00f8r det nemt for jer at v\u00e6lge.<\/p>\n<p>Fotografering betales p\u00e5 selve dagen for fotograferingen. Alle ordrer betales forud ved bestilling. N\u00e5r en ordre er sat i produktion, er beslutninger vedr. format, effekter og overflader endelige og kan ikke \u00e6ndres. Alle priser er inkl. moms.<\/p>\n<h5><strong>LEVERING<\/strong><\/h5>\n<p>P\u00e5 ordrer, som udf\u00f8res in-house, er leveringstiden normalt en til to uger. P\u00e5 ordrer, som printes p\u00e5 alu-dibond eller glas, er leveringstiden normalt tre til fire uger.<\/p>\n<h5><strong>OPN\u00c5 DET BEDSTE RESULTAT<\/strong><\/h5>\n<p>Kom uden kontaktlinser. Brug enten briller, eller tag dine kontaktlinser ud p\u00e5 stedet. Husk at medbringe en opbevaringsl\u00f8sning til dine kontaktlinser.<\/p>\n<p class=\"p1\">Undg\u00e5 gerne makeup, dvs. ingen \u00f8jenskygge, ingen falske \u00f8jenvipper, ingen mascara, ingen solcreme, ingen fedtet creme eller concealer omkring \u00f8jnene.<\/p>\n<\/div><\/section><\/div>\n<div class='flex_column av-1cd05-90009881c7f79633b37eb0106d874fdb av_two_third  avia-builder-el-3  el_after_av_one_full  el_before_av_one_third  first flex_column_div column-top-margin'     ><section  class='av_textblock_section av-mdnctm3s-1a67278bd6649dfe48697094ee81dd26'  itemscope=\"itemscope\" itemtype=\"https:\/\/schema.org\/CreativeWork\" ><div class='avia_textblock'  itemprop=\"text\" ><h3>BOOK DIN FOTOGRAFERING &#8211; \u00c5BNER I NYT VINDUE<\/h3>\n<p>Der er afsat 30 minutter pr. fotografering. Er I flere end tre personer, skal I booke to aftaler i forl\u00e6ngelse af hinanden.<\/p>\n<\/div><\/section><\/div><div class='flex_column av-rrex-d5208dd6b354413e74e24a0b0421b0a9 av_one_third  avia-builder-el-5  el_after_av_two_third  avia-builder-el-last  flex_column_div column-top-margin'     ><div  class='avia-button-wrap av-mdncswls-085a10109e54c65d26eb708c59538826-wrap avia-button-center  avia-builder-el-6  avia-builder-el-no-sibling '><a href='https:\/\/bjarnehyldgaard.onlinebooq.dk\/' class='avia-button av-mdncswls-085a10109e54c65d26eb708c59538826 avia-icon_select-yes-left-icon avia-size-x-large avia-position-center avia-color-theme-color' target=\"_blank\" rel=\"noopener noreferrer\"><span class='avia_button_icon avia_button_icon_left' aria-hidden='true' data-av_icon='\ue80f' data-av_iconfont='entypo-fontello'><\/span><span class='avia_iconbox_title' >Book aftale<\/span><\/a><\/div><\/div><\/p>\n","protected":false},"excerpt":{"rendered":"","protected":false},"author":1,"featured_media":0,"parent":0,"menu_order":0,"comment_status":"closed","ping_status":"closed","template":"","meta":{"footnotes":""},"class_list":["post-41","page","type-page","status-publish","hentry"],"yoast_head":"<!-- This site is optimized with the Yoast SEO plugin v27.2 - https:\/\/yoast.com\/product\/yoast-seo-wordpress\/ -->\n<title>Information - Irisfotografi<\/title>\n<meta name=\"description\" content=\"Hvert \u00f8je er et unikt kunstv\u00e6rk, der fort\u00e6ller sin egen historie. Med irisfotografi fanger vi de fine m\u00f8nstre, de levende farver og den dybe sk\u00f8nhed, der g\u00f8r dine \u00f8jne helt unikke.\" \/>\n<meta name=\"robots\" content=\"index, follow, max-snippet:-1, max-image-preview:large, max-video-preview:-1\" \/>\n<link rel=\"canonical\" href=\"https:\/\/irisfotografi.dk\/index.php\/iris-fotografi-goer-dine-oejne-til-et-unikt-kunstvaerk\/\" \/>\n<meta property=\"og:locale\" content=\"da_DK\" \/>\n<meta property=\"og:type\" content=\"article\" \/>\n<meta property=\"og:title\" content=\"Information - Irisfotografi\" \/>\n<meta property=\"og:description\" content=\"Hvert \u00f8je er et unikt kunstv\u00e6rk, der fort\u00e6ller sin egen historie. Med irisfotografi fanger vi de fine m\u00f8nstre, de levende farver og den dybe sk\u00f8nhed, der g\u00f8r dine \u00f8jne helt unikke.\" \/>\n<meta property=\"og:url\" content=\"https:\/\/irisfotografi.dk\/index.php\/iris-fotografi-goer-dine-oejne-til-et-unikt-kunstvaerk\/\" \/>\n<meta property=\"og:site_name\" content=\"Irisfotografi\" \/>\n<meta property=\"article:modified_time\" content=\"2025-08-18T08:53:14+00:00\" \/>\n<meta name=\"twitter:card\" content=\"summary_large_image\" \/>\n<meta name=\"twitter:label1\" content=\"Estimeret l\u00e6setid\" \/>\n\t<meta name=\"twitter:data1\" content=\"3 minutter\" \/>\n<script type=\"application\/ld+json\" class=\"yoast-schema-graph\">{\"@context\":\"https:\/\/schema.org\",\"@graph\":[{\"@type\":\"WebPage\",\"@id\":\"https:\/\/irisfotografi.dk\/index.php\/iris-fotografi-goer-dine-oejne-til-et-unikt-kunstvaerk\/\",\"url\":\"https:\/\/irisfotografi.dk\/index.php\/iris-fotografi-goer-dine-oejne-til-et-unikt-kunstvaerk\/\",\"name\":\"Information - Irisfotografi\",\"isPartOf\":{\"@id\":\"https:\/\/irisfotografi.dk\/#website\"},\"datePublished\":\"2025-07-28T16:43:22+00:00\",\"dateModified\":\"2025-08-18T08:53:14+00:00\",\"description\":\"Hvert \u00f8je er et unikt kunstv\u00e6rk, der fort\u00e6ller sin egen historie. Med irisfotografi fanger vi de fine m\u00f8nstre, de levende farver og den dybe sk\u00f8nhed, der g\u00f8r dine \u00f8jne helt unikke.\",\"breadcrumb\":{\"@id\":\"https:\/\/irisfotografi.dk\/index.php\/iris-fotografi-goer-dine-oejne-til-et-unikt-kunstvaerk\/#breadcrumb\"},\"inLanguage\":\"da-DK\",\"potentialAction\":[{\"@type\":\"ReadAction\",\"target\":[\"https:\/\/irisfotografi.dk\/index.php\/iris-fotografi-goer-dine-oejne-til-et-unikt-kunstvaerk\/\"]}]},{\"@type\":\"BreadcrumbList\",\"@id\":\"https:\/\/irisfotografi.dk\/index.php\/iris-fotografi-goer-dine-oejne-til-et-unikt-kunstvaerk\/#breadcrumb\",\"itemListElement\":[{\"@type\":\"ListItem\",\"position\":1,\"name\":\"Hjem\",\"item\":\"https:\/\/irisfotografi.dk\/\"},{\"@type\":\"ListItem\",\"position\":2,\"name\":\"Information\"}]},{\"@type\":\"WebSite\",\"@id\":\"https:\/\/irisfotografi.dk\/#website\",\"url\":\"https:\/\/irisfotografi.dk\/\",\"name\":\"Irisfotografi\",\"description\":\"\",\"publisher\":{\"@id\":\"https:\/\/irisfotografi.dk\/#organization\"},\"potentialAction\":[{\"@type\":\"SearchAction\",\"target\":{\"@type\":\"EntryPoint\",\"urlTemplate\":\"https:\/\/irisfotografi.dk\/?s={search_term_string}\"},\"query-input\":{\"@type\":\"PropertyValueSpecification\",\"valueRequired\":true,\"valueName\":\"search_term_string\"}}],\"inLanguage\":\"da-DK\"},{\"@type\":\"Organization\",\"@id\":\"https:\/\/irisfotografi.dk\/#organization\",\"name\":\"Irisfotografi\",\"url\":\"https:\/\/irisfotografi.dk\/\",\"logo\":{\"@type\":\"ImageObject\",\"inLanguage\":\"da-DK\",\"@id\":\"https:\/\/irisfotografi.dk\/#\/schema\/logo\/image\/\",\"url\":\"https:\/\/irisfotografi.dk\/wp-content\/uploads\/2025\/07\/Hyldgaard-logo-sort-180x180px.jpg\",\"contentUrl\":\"https:\/\/irisfotografi.dk\/wp-content\/uploads\/2025\/07\/Hyldgaard-logo-sort-180x180px.jpg\",\"width\":180,\"height\":180,\"caption\":\"Irisfotografi\"},\"image\":{\"@id\":\"https:\/\/irisfotografi.dk\/#\/schema\/logo\/image\/\"}}]}<\/script>\n<!-- \/ Yoast SEO plugin. -->","yoast_head_json":{"title":"Information - Irisfotografi","description":"Hvert \u00f8je er et unikt kunstv\u00e6rk, der fort\u00e6ller sin egen historie. Med irisfotografi fanger vi de fine m\u00f8nstre, de levende farver og den dybe sk\u00f8nhed, der g\u00f8r dine \u00f8jne helt unikke.","robots":{"index":"index","follow":"follow","max-snippet":"max-snippet:-1","max-image-preview":"max-image-preview:large","max-video-preview":"max-video-preview:-1"},"canonical":"https:\/\/irisfotografi.dk\/index.php\/iris-fotografi-goer-dine-oejne-til-et-unikt-kunstvaerk\/","og_locale":"da_DK","og_type":"article","og_title":"Information - Irisfotografi","og_description":"Hvert \u00f8je er et unikt kunstv\u00e6rk, der fort\u00e6ller sin egen historie. Med irisfotografi fanger vi de fine m\u00f8nstre, de levende farver og den dybe sk\u00f8nhed, der g\u00f8r dine \u00f8jne helt unikke.","og_url":"https:\/\/irisfotografi.dk\/index.php\/iris-fotografi-goer-dine-oejne-til-et-unikt-kunstvaerk\/","og_site_name":"Irisfotografi","article_modified_time":"2025-08-18T08:53:14+00:00","twitter_card":"summary_large_image","twitter_misc":{"Estimeret l\u00e6setid":"3 minutter"},"schema":{"@context":"https:\/\/schema.org","@graph":[{"@type":"WebPage","@id":"https:\/\/irisfotografi.dk\/index.php\/iris-fotografi-goer-dine-oejne-til-et-unikt-kunstvaerk\/","url":"https:\/\/irisfotografi.dk\/index.php\/iris-fotografi-goer-dine-oejne-til-et-unikt-kunstvaerk\/","name":"Information - Irisfotografi","isPartOf":{"@id":"https:\/\/irisfotografi.dk\/#website"},"datePublished":"2025-07-28T16:43:22+00:00","dateModified":"2025-08-18T08:53:14+00:00","description":"Hvert \u00f8je er et unikt kunstv\u00e6rk, der fort\u00e6ller sin egen historie. Med irisfotografi fanger vi de fine m\u00f8nstre, de levende farver og den dybe sk\u00f8nhed, der g\u00f8r dine \u00f8jne helt unikke.","breadcrumb":{"@id":"https:\/\/irisfotografi.dk\/index.php\/iris-fotografi-goer-dine-oejne-til-et-unikt-kunstvaerk\/#breadcrumb"},"inLanguage":"da-DK","potentialAction":[{"@type":"ReadAction","target":["https:\/\/irisfotografi.dk\/index.php\/iris-fotografi-goer-dine-oejne-til-et-unikt-kunstvaerk\/"]}]},{"@type":"BreadcrumbList","@id":"https:\/\/irisfotografi.dk\/index.php\/iris-fotografi-goer-dine-oejne-til-et-unikt-kunstvaerk\/#breadcrumb","itemListElement":[{"@type":"ListItem","position":1,"name":"Hjem","item":"https:\/\/irisfotografi.dk\/"},{"@type":"ListItem","position":2,"name":"Information"}]},{"@type":"WebSite","@id":"https:\/\/irisfotografi.dk\/#website","url":"https:\/\/irisfotografi.dk\/","name":"Irisfotografi","description":"","publisher":{"@id":"https:\/\/irisfotografi.dk\/#organization"},"potentialAction":[{"@type":"SearchAction","target":{"@type":"EntryPoint","urlTemplate":"https:\/\/irisfotografi.dk\/?s={search_term_string}"},"query-input":{"@type":"PropertyValueSpecification","valueRequired":true,"valueName":"search_term_string"}}],"inLanguage":"da-DK"},{"@type":"Organization","@id":"https:\/\/irisfotografi.dk\/#organization","name":"Irisfotografi","url":"https:\/\/irisfotografi.dk\/","logo":{"@type":"ImageObject","inLanguage":"da-DK","@id":"https:\/\/irisfotografi.dk\/#\/schema\/logo\/image\/","url":"https:\/\/irisfotografi.dk\/wp-content\/uploads\/2025\/07\/Hyldgaard-logo-sort-180x180px.jpg","contentUrl":"https:\/\/irisfotografi.dk\/wp-content\/uploads\/2025\/07\/Hyldgaard-logo-sort-180x180px.jpg","width":180,"height":180,"caption":"Irisfotografi"},"image":{"@id":"https:\/\/irisfotografi.dk\/#\/schema\/logo\/image\/"}}]}},"_links":{"self":[{"href":"https:\/\/irisfotografi.dk\/index.php\/wp-json\/wp\/v2\/pages\/41","targetHints":{"allow":["GET"]}}],"collection":[{"href":"https:\/\/irisfotografi.dk\/index.php\/wp-json\/wp\/v2\/pages"}],"about":[{"href":"https:\/\/irisfotografi.dk\/index.php\/wp-json\/wp\/v2\/types\/page"}],"author":[{"embeddable":true,"href":"https:\/\/irisfotografi.dk\/index.php\/wp-json\/wp\/v2\/users\/1"}],"replies":[{"embeddable":true,"href":"https:\/\/irisfotografi.dk\/index.php\/wp-json\/wp\/v2\/comments?post=41"}],"version-history":[{"count":14,"href":"https:\/\/irisfotografi.dk\/index.php\/wp-json\/wp\/v2\/pages\/41\/revisions"}],"predecessor-version":[{"id":61,"href":"https:\/\/irisfotografi.dk\/index.php\/wp-json\/wp\/v2\/pages\/41\/revisions\/61"}],"wp:attachment":[{"href":"https:\/\/irisfotografi.dk\/index.php\/wp-json\/wp\/v2\/media?parent=41"}],"curies":[{"name":"wp","href":"https:\/\/api.w.org\/{rel}","templated":true}]}}